ime factors of 845196980.
2, 5, 197, 214517
List the prime factors of 17140181.
71, 73, 3307
List the prime factors of 3598631432.
2, 11, 1427, 28657
What are the prime factors of 119155110?
2, 3, 5, 113, 35149
List the prime factors of 59676354.
2, 3, 3315353
List the prime factors of 1181335401.
3, 43753163
What are the prime factors of 522008693?
522008693
List the prime factors of 17747619.
3, 101, 58573
What are the prime factors of 190136427?
3, 13, 4875293
What are the prime factors of 114684765?
3, 5, 13, 313, 1879
List the prime factors of 1644172618.
2, 11, 23, 1117, 2909
What are the prime factors of 891610277?
89, 179, 55967
What are the prime factors of 11979977?
1783, 6719
List the prime factors of 19911310.
2, 5, 1991131
What are the prime factors of 246178967?
31, 7941257
What are the prime factors of 336311283?
3, 7, 11, 1455893
What are the prime factors of 259328466?
2, 3, 1600793
List the prime factors of 25725772.
2, 19, 338497
What are the prime factors of 96641451?
3, 89, 131, 307
List the prime factors of 3216480432.
2, 3, 11, 6091819
What are the prime factors of 70895372?
2, 17, 29, 35951
List the prime factors of 2564964000.
2, 3, 5, 71249
What are the prime factors of 327897910?
2, 5, 41, 433, 1847
List the prime factors of 73529194.
2, 353, 104149
List the prime factors of 287259170.
2, 5, 11, 1613, 1619
List the prime factors of 355621381.
5939, 59879
List the prime factors of 1952897957.
19, 5281, 19463
What are the prime factors of 984812246?
2, 11, 233, 192121
List the prime factors of 31258803.
3, 10419601
What are the prime factors of 136225799?
1493, 91243
List the prime factors of 18680552.
2, 11, 17, 12487
What are the prime factors of 9633239?
7, 11, 125107
What are the prime factors of 65233813?
67, 293, 3323
List the prime factors of 1207848762.
2, 3, 5077, 13217
List the prime factors of 1181260475.
5, 47250419
List the prime factors of 46278331.
11, 359, 11719
What are the prime factors of 455944218?
2, 3, 31, 401, 6113
List the prime factors of 3942108571.
53, 74379407
List the prime factors of 1043146568.
2, 109, 1196269
What are the prime factors of 7186108004?
2, 587, 683, 4481
List the prime factors of 68696414.
2, 59, 582173
List the prime factors of 295735018.
2, 53, 223, 12511
What are the prime factors of 1318788630?
2, 3, 5, 29, 505283
What are the prime factors of 1325766404?
2, 157, 2111093
What are the prime factors of 2279242421?
149, 1471, 10399
What are the prime factors of 128107161?
3, 7, 13, 156419
What are the prime factors of 1304020937?
137, 9518401
What are the prime factors of 100173956?
2, 61, 571, 719
List the prime factors of 38448820.
2, 5, 47, 40903
List the prime factors of 109968176.
2, 6873011
List the prime factors of 13868820.
2, 3, 5, 7, 1223
What are the prime factors of 5616615?
3, 5, 374441
List the prime factors of 550542765.
3, 5, 19, 1931729
List the prime factors of 21297938.
2, 59, 180491
What are the prime factors of 127722164?
2, 31930541
List the prime factors of 2575891943.
73, 35286191
List the prime factors of 35257406.
2, 17628703
What are the prime factors of 1639995569?
181, 9060749
What are the prime factors of 27345595?
5, 83, 131, 503
List the prime factors of 6584201831.
661, 9960971
What are the prime factors of 50816950?
2, 5, 1016339
List the prime factors of 82356114.
2, 3, 29, 473311
What are the prime factors of 1021407915?
3, 5, 11, 6190351
List the prime factors of 51967189.
23, 53, 89, 479
What are the prime factors of 1653169302?
2, 3, 29, 31, 102161
List the prime factors of 230436660.
2, 3, 5, 1019, 3769
List the prime factors of 228740489.
3559, 64271
What are the prime factors of 342727171?
342727171
What are the prime factors of 58455037?
58455037
What are the prime factors of 17906647?
11, 1627877
List the prime factors of 85785811.
85785811
What are the prime factors of 268132452?
2, 3, 7, 347, 9199
List the prime factors of 1095506938.
2, 4099, 133631
What are the prime factors of 70646931?
3, 2616553
List the prime factors of 162048782.
2, 7, 97, 17047
List the prime factors of 9499372.
2, 41, 57923
What are the prime factors of 202911780?
2, 3, 5, 257, 13159
What are the prime factors of 18481869?
3, 7, 5987
List the prime factors of 178695709.
29, 79, 77999
List the prime factors of 785440758.
2, 3, 61, 1319, 1627
What are the prime factors of 2265774256?
2, 141610891
List the prime factors of 2805290362.
2, 7, 200377883
What are the prime factors of 1536358338?
2, 3, 85353241
List the prime factors of 170084549.
113, 1505173
List the prime factors of 93471142.
2, 46735571
What are the prime factors of 11318074?
2, 5659037
What are the prime factors of 858586332?
2, 3, 37, 43, 44971
List the prime factors of 76500.
2, 3, 5, 17
List the prime factors of 210717219.
3, 29, 2422037
What are the prime factors of 36191763?
3, 131, 30697
List the prime factors of 114936625.
5, 401, 2293
List the prime factors of 89754261.
3, 29918087
List the prime factors of 2638602423.
3, 37, 7923731
List the prime factors of 88225046.
2, 7, 13, 307, 1579
What are the prime factors of 878479860?
2, 3, 5, 31, 472301
List the prime factors of 230459351.
230459351
List the prime factors of 839563749.
3, 93284861
List the prime factors of 230770572.
2, 3, 31, 620351
List the prime factors of 18064489.
17, 107, 9931
What are the prime factors of 215957108?
2, 2083, 25919
What are the prime factors of 381614982?
2, 3, 7, 67, 135613
List the prime factors of 2424809894.
2, 13, 31, 3008449
List the prime factors of 53715863.
41, 1310143
What are the prime factors of 2598034255?
5, 19, 27347729
What are the prime factors of 3102242931?
3, 344693659
List the prime factors of 203189825.
5, 8127593
What are the prime factors of 1046929987?
43, 24347209
List the prime factors of 2165882788.
2, 3389, 159773
What are the prime factors of 4575752181?
3, 7, 11, 13, 17, 23, 433
What are the prime factors of 756103824?
2, 3, 7, 373, 2011
List the prime factors of 14036098.
2, 19, 37, 67, 149
What are the prime factors of 49990327?
73, 684799
What are the prime factors of 106315965?
3, 5, 7, 337511
List the prime factors of 26166449.
31, 457, 1847
What are the prime factors of 95362357?
37, 829, 3109
List the prime factors of 209367322.
2, 97, 1079213
What are the prime factors of 102244317?
3, 7, 47, 103591
List the prime factors of 83405405.
5, 16681081
What are the prime factors of 2404921884?
2, 3, 19, 10547903
What are the prime factors of 14964651?
3, 13, 23, 67, 83
List the prime factors of 2432360617.
19073, 127529
List the prime factors of 1047072982.
2, 53, 9878047
List the prime factors of 985210014.
2, 3, 23, 257, 27779
List the prime factors of 13151651.
13151651
What are the prime factors of 1427678764?
2, 269, 1326839
List the prime factors of 2359327125.
3, 5, 6291539
List the prime factors of 173724745.
5, 109, 151, 2111
What are the prime factors of 178509423?
3, 37, 241, 6673
What are the prime factors of 208287312?
2, 3, 197, 22027
What are the prime factors of 60437850?
2, 3, 5, 11, 36629
List the prime factors of 714131995.
5, 89, 281, 5711
List the prime factors of 65079877.
65079877
List the prime factors of 506746893.
3, 4583, 36857
List the prime factors of 4907384038.
2, 2029, 1209311
What are the prime factors of 87030640?
2, 5, 19, 31, 1847
List the prime factors of 186934928.
2, 29, 379, 1063
What are the prime factors of 90101844?
2, 3, 7, 167, 2141
List the prime factors of 676396490.
2, 5, 7, 11, 67, 1873
What are the prime factors of 78163003?
78163003
List the prime factors of 1493148418.
2, 31, 24083039
What are the prime factors of 292864585?
5, 13, 179, 25171
List the prime factors of 899136245.
5, 7, 31, 828697
What are the prime factors of 421322449?
71, 5934119
List the prime factors of 2095472487.
3, 47, 71, 209317
List the prime factors of 205607545.
5, 11, 13, 137, 2099
What are the prime factors of 28153066?
2, 1381, 10193
What are the prime factors of 2483680832?
2, 311, 124783
What are the prime factors of 87365325?
3, 5, 19, 37, 1657
What are the prime factors of 635426346?
2, 3, 113, 937207
What are the prime factors of 5269599291?
3, 11, 1489, 107243
What are the prime factors of 7630994?
2, 7, 17, 32063
What are